 the highest common divisor of 14 and t?
14
Suppose -r + 120 = 3*r. Let c = r - 18. What is the highest common factor of 4 and c?
4
Suppose 104*a - 93*a - 1056 = 0. Calculate the greatest common divisor of a and 128.
32
Suppose -r + 63 = 36. Suppose r*j = 28*j - 165. Calculate the highest common divisor of j and 66.
33
Suppose 6*j + j - 259 = 0. Let c = 186 + 199. Suppose c = 3*i + 52. Calculate the highest common factor of j and i.
37
Let m(o) = o**2 - 8*o + 10. Let b be 14*(-3 - (-28)/8). Let h be m(b). Let n be -1*h*40/(-6). Calculate the highest common factor of 20 and n.
20
Let u = 117 - 103. What is the greatest common divisor of 42 and u?
14
Let a(t) = 17*t**3 + 2*t - 1. Let d be a(1). Let x be 53 - ((-10)/(-85) + 19/(-17)). Calculate the highest common factor of x and d.
18
Suppose 200 = 6*b - 88. Let z = 7 + 3. Let m be (4/z)/((-13)/(-195)). Calculate the greatest common factor of m and b.
6
Let p = 9 + -7. Suppose -2*a - 19 = -o, -o - a + 23 = -p*a. Suppose -3*n + m + 47 = 3*m, o = n - 5*m. Calculate the greatest common divisor of 85 and n.
17
Suppose -7*s + 3*s - 1276 = -4*h, 0 = 2*s. What is the highest common factor of 22 and h?
11
Let k be 33/2*14/3. Suppose -96 = -3*n - 3*y, -3*n - y = 93 - 191. What is the greatest common divisor of k and n?
11
Suppose 0 = w - 5*j - 12 - 22, 2*w + 5*j = -7. Let g(c) = c**3 + 9*c**2 + 2*c - 3. Let f be g(-8). What is the highest common factor of w and f?
9
Let c(t) = -t**3 + 12*t**2 + 2*t - 26. Let j be c(11). What is the greatest common divisor of j and 2808?
117
Let g(r) be the second derivative of -5*r**3/6 - 5*r**2/2 + 14*r. Let d be g(-8). Calculate the greatest common factor of 385 and d.
35
Let n be (-2)/9 + (-2030)/(-63). Let r = 39 - n. Suppose 2*w - r*w - 4*l + 43 = 0, -w + l = -5. What is the greatest common divisor of w and 77?
7
Suppose -4*j + 208 = 4*o, o - 179 = -3*j - 23. Let d = -3 - -16. What is the greatest common factor of j and d?
13
Suppose 5*t = 3*t - 5*t. Suppose 3*w - d - 255 - 145 = 0, -4*d + 20 = t. Let z be -6*1/(-2)*5. Calculate the greatest common divisor of z and w.
15
Let u(t) = t**2 - t - 79. Let s be u(-9). What is the highest common divisor of 209 and s?
11
Let j(v) = -v**2 + v - 96. Let n be j(0). Let i = 114 + n. Calculate the highest common factor of 12 and i.
6
Suppose -q = 4*q - 15, -3*b = 3*q - 45. What is the highest common divisor of b and 24?
12
Suppose -108 = 3*b - 273. Calculate the greatest common factor of b and 110.
55
Let j = -8363 + 8368. Suppose 27 = -5*a + 4*a. Let l = a + 72. Calculate the greatest common divisor of j and l.
5
Let q = -27 + 35. Suppose 10 = f - o, q*o = -3*f + 4*o - 5. What is the highest common divisor of 35 and f?
5
Suppose 0 = 1003*o - 1027*o + 2856. Let n = -29 + 46. Calculate the greatest common divisor of o and n.
17
Suppose 3*u = -3 - 3. Let f be (u - 6/(-2))*2. Suppose p - 2*y - f*y + 2 = 0, 2*p - 35 = -5*y. Calculate the greatest common divisor of 30 and p.
10
Suppose 2*i - 6 = 2, 3*i - 37 = -5*t. Suppose -3*h + 9 = -5*s - t, 3*h + 5*s = 4. Suppose -73 = -5*n - h. Calculate the greatest common divisor of n and 14.
14
Let j(x) = -x**3 + 20*x**2 - 24*x + 37. Let i be j(9). Calculate the greatest common divisor of i and 89.
89
Let x(l) = l**2 - 1. Let q be x(1). Suppose -2*n + 4*m + 12 = -q*m, 3*m + 8 = n. Suppose -3*i = -n*i - 17. Calculate the highest common divisor of 51 and i.
17
Let c(o) = 2*o - 15. Let x be c(16). Suppose 5*g + 520 = 5*v, 3*v = -g + 130 + 174. What is the highest common divisor of v and x?
17
Let q(c) = -2*c - 8. Let m be q(-3). Let g be 12/(-24) + (-13)/m. Let n be (-40)/g*6/(-5). Calculate the highest common factor of 16 and n.
8
Let g = -22 - -24. Suppose -3*i - 12 = -5*i. Suppose g - i = -4*o. Calculate the greatest common divisor of o and 8.
1
Let s be (-16)/10*((-2)/1 - 3). Suppose 2*x - s = 4*p, -x - 6 + 3 = 5*p. What is the greatest common factor of x and 38?
2
Let g be (200/(-14))/((-4)/14). Suppose g = -3*q - 2*q + u, 2*u - 1 = -q. Let h be 10/(-6)*q*1. Calculate the highest common divisor of h and 75.
15
Let a(h) = 101*h - 13. Let c be a(4). Let b = c + -277. What is the greatest common divisor of 76 and b?
38
Let u(o) = 4*o**2 - 2*o - 2. Suppose -2*k + 3*c = 16, 3*k - 2*c + 13 + 6 = 0. Let f be u(k). Let z = -25 - -37. What is the greatest common factor of f and z?
12
Suppose h - 45 = -5*t, -3*t + 3 = -h - 16. Suppose -4*q = -8*q + 60. Let v = q + 25. Calculate the highest common divisor of v and t.
8
Let b be (-564)/(-48) + 2/8. Suppose 22*k = 23*k - b. What is the highest common divisor of 12 and k?
12
Suppose -2*p = -4*p + 160. Suppose -4*m + p = 3*q, 21 = m - 0*q + q. Calculate the greatest common factor of m and 85.
17
Let l = -282 + 543. Calculate the greatest common factor of l and 58.
29
Suppose 5*i + 0*i - 15 = 0. Suppose 0 = i*w - w - 8, 6 = 2*c - 2*w. Suppose -20*g + 1519 = 11*g. What is the greatest common divisor of c and g?
7
Suppose 9*n = 4*n. Suppose n = -2*o + 4*o - 8. Suppose 2*x + 4 = 2*m - 120, -2*x = -o*m + 250. What is the highest common divisor of m and 9?
9
Suppose 0 = -4*n - z + 81, 3*z = -0*n - 4*n + 83. Suppose 3*l - 2*l - 40 = -4*b, -b + 25 = l. Calculate the greatest common divisor of n and l.
20
Let u(c) = 32*c + 150. Let d be u(-3). What is the greatest common factor of 2322 and d?
54
Suppose f = -0*f + 68. Suppose -f = -2*a - 0*a. Let w = a - 23. What is the greatest common factor of w and 33?
11
Let o(z) = -z**2 + 16*z + 4. Let h be (224/12)/(6/(-18)). Let q be 39/(-26)*h/6. Let s be o(q). Calculate the greatest common divisor of 352 and s.
32
Let x be (6/9)/(2/(-6)). Let j be (-4)/x - (-18 + 3). Suppose 3 + j = 2*d. Calculate the highest common factor of 10 and d.
10
Suppose 15 = c + p, -2*p = c - 4*p - 21. Let l = 196 + -65. Let u = l - 63. Calculate the greatest common divisor of c and u.
17
Let w be (-3 - -2)*-1 + -3 - -8. Let c be w/(-8 - -7 - (-11)/8). Suppose 0 = -5*m + m + 96. Calculate the greatest common factor of m and c.
8
Let o be 290/4*(-120)/(-50). Calculate the greatest common factor of 638 and o.
58
Suppose u + 10*v - 452 = 12*v, u - 468 = -2*v. What is the greatest common divisor of u and 46?
46
Let u be ((-39)/13 - -4) + 1 + 6. Let p(c) = c + 72. Let q be p(0). Calculate the greatest common factor of q and u.
8
Let t be -5 + -29 + -2*1. Let b(c) = -24*c - 92. Let u be b(-6). Let i = t + u. What is the highest common divisor of i and 8?
8
Let s be ((-30)/12)/(2/(-4)). Suppose 3*u - s*d - 10 = -d, 2*u = 3*d + 6. What is the greatest common divisor of u and 4?
2
Suppose 216 = 8*p + 80. Calculate the highest common factor of p and 119.
17
Let u(o) = -17. Let y(j) = j + 16. Let h = 7 + -2. Let n(w) = h*u(w) + 4*y(w). Let i be n(12). Calculate the greatest common divisor of 9 and i.
9
Let q(w) = -w**2 + 10*w + 6. Suppose -2*t + 5*t = 30. Let p be q(t). Suppose -65 = -p*n + 43. Calculate the highest common divisor of n and 126.
18
Suppose -4*r - 12 = -4*p, 5*r + 2 = -p - 19. Let w(y) = -y**2 - 2*y + 41. Let l be w(7). Let g = p - l. Calculate the greatest common factor of g and 63.
21
Let s be (3 + 1)*(-2 + 6). Let k(m) = -2*m**3 + m**2 + 9*m + 68. Let b be k(-4). Calculate the greatest common divisor of b and s.
16
Let v(u) = -2*u**3 - 8*u**2 + 10*u + 12. Let d be v(-6). Let w = 2 - 2. Suppose w = -z - z + 24. Calculate the highest common divisor of z and d.
12
Let u = 61 - 52. Suppose s - 6 = -s. Let r be (99*1 - s) + 3. What is the greatest common factor of u and r?
9
Let o(b) = b**2 + 10*b + 8. Let v = 38 - 48. Let j be o(v). What is the greatest common divisor of 40 and j?
8
Let r = -663 - -873. Calculate the greatest common factor of r and 30.
30
Suppose 204 = 2*z - 4*p, -2*z + 2*p + 209 = -p. Calculate the greatest common divisor of 16 and z.
16
Suppose -4*x - 69 = 5*m - 102, -x + 9 = 2*m. Calculate the highest common factor of x and 1645.
7
Suppose 4*y - 150 = -2*h, 3*y + 5*h - 95 = -0*y. Calculate the greatest common divisor of 360 and y.
40
Let c be (-18)/21 + 4230/329. What is the highest common divisor of 492 and c?
12
Let k be 1*(0 - ((-4)/(-4) + -6)). Suppose -k*c = -7 - 53. What is the highest common divisor of 36 and c?
12
Let s = -311 - -333. Calculate the greatest common factor of s and 341.
11
Let r be 430/(-9) + 2/(-